 + 2361 - 7568 = -5*o, -t*o + 2082 = -h. Is o a composite number?
True
Let w = 939 + -665. Let c be 3/6*344*(-1)/4. Let o = w - c. Is o composite?
False
Let z(b) = -111*b**2 + 3*b + 13. Let h be z(5). Let g = 4402 + h. Is g a prime number?
False
Is -36 + 30 - -119349 - (-1 + 1 + 2) composite?
True
Is 9 + 90977 + (13 - 16) prime?
False
Let y(o) = 711*o**3 - 3*o**2 + 6*o - 7. Let u be -3 + 3 - (-57)/19. Is y(u) a prime number?
True
Suppose 40*n - 16*n = -313752. Let h = n + 24186. Is h a composite number?
False
Suppose -5*u + 1057 = 5*m + 327, 3*m - 437 = -4*u. Is 130662/m + (-1)/(-6 + -1) a composite number?
True
Suppose 48*i - 13*i = 31155 + 28975. Is i a prime number?
False
Let m(c) = 10216*c**2 - 118*c - 121. Is m(-5) a prime number?
True
Suppose -84*q + 26365326 + 26238148 = -11747834. Is q prime?
False
Suppose 313685 - 465525 - 559818 = -74*u. Is u a prime number?
False
Let m(s) = -11*s - 2. Let b be m(-1). Let x = 861 - b. Suppose 3*u = -u + x. Is u a composite number?
True
Suppose -2*b + 2*p - 11 = 3*b, p = -3*b. Let h(y) = -16871*y**3 - 3*y**2 - 4*y - 1. Is h(b) prime?
True
Suppose 504338 = 4*f + 6*v, 5*f + 4*v - 372486 = 257947. Is f prime?
False
Let r = -250 - -259. Suppose w + 9743 = 4*p, r*p + 3*w = 13*p - 9733. Is p prime?
True
Is 168/(-756) + 39*2*123932/216 a composite number?
False
Let f = 21553 - 3092. Is f a prime number?
True
Is 380441 - -1*(-10 - 0) a composite number?
True
Suppose -3*o = 8*f - 11*f - 9, 4*o = -3*f + 26. Suppose -f*y + 4*p + 1758 = p, 4*p + 3516 = 4*y. Is y prime?
False
Suppose 0 = 598*n - 585*n - 214513. Is n a prime number?
False
Suppose 4*s + 0*t - 20 = -t, -12 = -3*t. Suppose s*u = -2*f + 8, -2*f + 0*f - 19 = -5*u. Suppose -u*v = -5*c + 2923, 0 = 3*c + 5*v - 823 - 958. Is c composite?
False
Let q(j) = j**3 - 6*j**2 + 4*j - 2. Let i be q(5). Let m be 7/(i/3) - -5. Suppose 2*b = -b - w + 1460, -m*b - 3*w = -971. Is b composite?
False
Suppose -141010580 = -202*f + 32*f. Is f composite?
True
Let d = -42 - -50. Let m(p) = p**2 - 4. Let y be m(d). Suppose -5*b + y + 45 = 0. Is b prime?
False
Suppose 0 = 4*g + 30*k - 25*k - 6480, -4*g - 4*k = -6480. Suppose -o - 642 = 227. Let s = g + o. Is s composite?
False
Let q = -6 - -8. Suppose 0 = n + c + 1, c = -6*n + q*n - 16. Let a(f) = -361*f - 4. Is a(n) composite?
False
Suppose 29*d - 2233983 - 2952760 = -1063262. Is d composite?
False
Let j(g) = -33*g**2 - 18*g - 112. Let n(q) = -50*q**2 - 27*q - 168. Let p(k) = -8*j(k) + 5*n(k). Let a = -81 - -66. Is p(a) prime?
False
Let k be (4 - 25)*(0 - (1 + -2)). Let w be -8 - -4 - (k + 3). Let u(f) = 232*f + 69. Is u(w) composite?
True
Let u = -241 - -244. Suppose -u*p = 179 - 446. Is p composite?
False
Let d(v) = -v**3 + 8*v**2 - 11*v + 1. Let m be d(6). Suppose 47742 = 2*z + 5*c, 3*c = -2*z + m*c + 47706. Is z a composite number?
True
Let w be 38764/5 - (-2 + (-45)/(-25)). Suppose 1299 + w = 4*y. Suppose 3*k - 2*u - y - 738 = 0, 12 = 3*u. Is k a prime number?
False
Suppose -3*u = 2*j - 609 + 216, -501 = -4*u + 5*j. Let x = 49 - u. Let b = 777 + x. Is b composite?
True
Let l be 4178713/132 + 2/24. Let f = l - 20900. Is f a composite number?
True
Let o(f) = 174*f + 73. Let c(p) = -7*p + 49. Let d be c(5). Is o(d) a composite number?
True
Suppose 3*t = 4*z + 10 - 2, z = -t - 2. Let x(m) = -15846*m - 5. Let v be x(-1). Suppose -16*u + 23*u - v = t. Is u a prime number?
False
Suppose h + 1570 = f - 2*f, 0 = -2*f - h - 3140. Let o = 5369 + f. Is o composite?
True
Suppose -2 = 74*j - 76*j. Is ((-10)/(-30))/(j/41577) prime?
True
Suppose 75818 = 2*h - 3*v, -3*h = -2*v + 6*v - 113693. Is h prime?
False
Let w be 1*8196 + 23 + -20. Let c = w + -1048. Is c a prime number?
True
Let y(v) = -v + 16. Let d be y(14). Let g(k) = -15 - d + 6*k - 71*k. Is g(-8) a composite number?
False
Suppose 4*z - 5*s = -10 + 4, -2*z = -4*s + 6. Let y(i) = -44*i**3 - i**3 + 492*i**3 - i**2 - 2 + 4 - 2*i. Is y(z) a prime number?
False
Suppose 3*y - y = -4*j - 8952, y = 3*j + 6709. Suppose -368*x = -370*x + 11252. Let h = j + x. Is h a prime number?
True
Let y(m) be the first derivative of -m**4/4 - m**3/3 - m**2/2 + 278*m - 144. Let n = 0 + 0. Is y(n) prime?
False
Suppose -p = 3*t - 83, 5*t + 3*p - 141 = 2*p. Let g = -39 + t. Is 8/g + (-2249)/(-5) prime?
True
Suppose -4*t - 42*o + 668743 = -45*o, 2*t + 2*o - 334396 = 0. Is t prime?
True
Let p(l) = 355*l**2 - 9*l - 8. Let y be p(-6). Let k be (y/33)/((-1)/3). Let u = k + 2803. Is u a prime number?
True
Let u(c) = -c**2 + 5*c + 5. Let f be u(5). Suppose -7*w - 2*o = -3*w - 1478, -f*w + 5*o = -1885. Suppose 4*d - 756 = -4*y, 2*d = 3*y - 2*y + w. Is d prime?
False
Let w be 6/4 - ((-714)/12)/7. Is 1/(-3)*(-10 + w) + 4561 a prime number?
True
Let j = 337 - 227. Suppose -2*v = -7*v - j. Is 176025/165 - 4/v a composite number?
True
Let k(w) = -w**3 + 3*w**2 + 11*w - 102. Suppose 5*n + 3*r = -83, 5*r + 2 - 22 = 0. Is k(n) a composite number?
True
Is ((-13)/((-169)/69953))/1 a composite number?
False
Let k be 6722/(-12)*-2 + 78/(-234). Let p = 5951 - k. Is p prime?
True
Let l(d) = 9*d + 1333. Let a be l(0). Suppose -4*c - 3 = -4*b - 11, -2*b - 3*c = -21. Suppose 3*t - 1317 = -3*f, 3*t + 2*f - a = b*f. Is t a composite number?
False
Let o(d) = 7246*d**2 - 2*d + 5. Is o(3) composite?
False
Suppose -74*c + 2389305 = -59*c. Is c prime?
True
Suppose 21*r = 411436 - 145429. Is r prime?
False
Is (1 + -76*(-25255)/80)/((-9)/(-12)) a prime number?
True
Suppose 0 = 14*y - 103 - 37. Is -2*(y/20)/((-3)/447) prime?
True
Let y be (9774/63)/(3/(-42)). Let g = -811 - y. Suppose x = -0*x + g. Is x composite?
False
Suppose -2*b - p = 2, p + p = b + 1. Suppose d + 9*d = 0. Is (d + (-1)/b)*683 a prime number?
True
Suppose -30*y + 352223 = -y - 1145018. Is y a composite number?
True
Let l = 115 - 113. Suppose 5*k - 132 = 4*m, l*k + k + 3*m - 90 = 0. Suppose k - 304 = -4*h. Is h a composite number?
True
Let z(v) = 7*v - 124. Let f be z(19). Suppose -14*w - 2985 = -j - f*w, -4*j - 2*w = -11984. Is j composite?
True
Let s = 12597 - -16676. Is s prime?
False
Suppose 4*q + 3*w + 1 = 0, -q + 10 = -3*w - 1. Suppose -q*b + 6 = 0, 6*g + 5*b - 5539 = 2*g. Is g composite?
False
Let r(z) = -z**3 + 24*z**2 - 23*z + 12. Let c be r(25). Let h = c - -1840. Suppose -2*x + h = -1410. Is x prime?
True
Let h(x) be the second derivative of 2*x**4/3 - 9*x**3/2 + 41*x**2/2 - 30*x + 2. Is h(16) a prime number?
True
Let h = 34909 + -4290. Is h composite?
True
Let i = 2 + -2. Suppose i = 2*r - 26 - 24. Let o = 164 - r. Is o a composite number?
False
Let q(g) = -12659*g + 850. Is q(-53) composite?
False
Let p = -10 + 17. Let q be 6/p*(-5 - (-2 - -4)). Is 3 + (-3)/(q/1990) prime?
False
Suppose -6*b + 4*l = -3571770, -l - 936853 - 253735 = -2*b. Is b a composite number?
False
Suppose -76356820 - 8621998 = -358*o. Is o a prime number?
False
Let z(l) = 4894*l**2 + 16*l - 5. Let f be z(3). Suppose -2*n - 4*h + 176376 = 2*n, f = n - 4*h. Is n a composite number?
True
Let v(s) = s**2 - 6*s + 14503. Let g(p) = -7*p**2 + 141*p - 20. Let u be g(20). Is v(u) a prime number?
True
Suppose 5*m = -5, 66119 = 5*y - m + 25523. Suppose -4*r = 5*a - y, 4*a - 1804 - 4685 = 3*r. Suppose 15*i = 18*i - a. Is i composite?
False
Let u(i) = -i**3 + 16*i**2 - 10 - 12*i - 2*i**2 + 42*i**2 - 13*i**2 + 21. Is u(34) composite?
False
Suppose -3*t - 29324 = -m - 700672, 0 = -4*m - 20. Is t a composite number?
False
Suppose -3*w = -3*o + 18078, -3*w - 6010 = -2*w + 3*o. Let a = 9815 + w. Is a a prime number?
True
Let a(z) = -461*z + 160. Let u be a(10). Let b = u + 8403. Is b prime?
False
Let h = 22207 + -2918. Is h composite?
False
Let q = 46 - -9. Let i be (-5 + q/10)*6. Suppose 5*d + 1676 = 4*g + d, -i*g = 5*d - 1281. Is g a prime number?
False
Suppose 5*s = w - 8 - 5, 3*w - s + 3 = 0. Let l be (-45)/75 + ((-2766)/(-10) - w). Let k = l - -41. Is k a composite number?
True
Suppose 3*y = -2*j + 4, -2*j = 4*y - 6*y - 14. Let c(h) = 1164*h**2 - 6*h - 7. Let i be c(y). Let u = -3004 + i. Is u a prime number?
True
Suppose -2*r - 2*r + 44 = 0. Suppose 17*b - r*b - 12 = 0. Suppose -2*c + b*h = -0*c - 794, -5*c = 3*h - 1985. Is c prime?
True
Suppose 0*d = -23*d - 46. Is d/4*(-12 + -5142) a composite number?
True
Let j = -47 + 50. Suppose 4*f - j*t - 14 - 27 = 0, 0 = -2*f + t + 19. Suppose -f*z = -4